*t - 161 - d. Is t a composite number?
False
Let y(x) = 23 + 154*x - 75*x + 7. Is y(7) a composite number?
True
Let j(u) = u**2 + 3*u + 2. Let b be -6 - 3/(-3)*3. Let n be j(b). Suppose 7 = -d + 4*y, -4*y + n + 14 = 0. Is d composite?
True
Let f(z) = 167*z**2 + z - 1. Let x be f(2). Is -6 + 3 + 1 + x a prime number?
False
Let j(q) = -1869*q - 151. Is j(-10) a prime number?
True
Let k = 45 + -28. Suppose -k*f + 740 = -13*f. Is f a prime number?
False
Let k(q) = 3*q**3 + 13*q**2 - 21*q + 9. Let z(m) = 2*m**3 + 6*m**2 - 11*m + 4. Let i(s) = 3*k(s) - 5*z(s). Is i(6) composite?
False
Suppose 0 = 2*r - 4, 5*j + 4*r - 27063 = -0*r. Is j a prime number?
False
Suppose 5*h = 3*p - 2*p + 41422, 4*h = -p + 33143. Is h a prime number?
False
Suppose 4*v + 2*w = 5*w + 22480, -4*v + 22488 = -5*w. Is v composite?
True
Suppose -4*h - 19 - 9 = 0. Let c = h - -9. Suppose c*b + 1315 = 7*b. Is b prime?
True
Let q = 2143 - 487. Suppose n + 3*n = q. Suppose -3*l = -l - 2*f - n, 4*l + 3*f - 842 = 0. Is l a prime number?
False
Is ((-106563)/12)/(17/(-68)) a composite number?
False
Is (6 + 29/(-4))*-3236 composite?
True
Let h(l) = -7 + 10 - 5*l**2 + l**3 - 4 + 5*l. Let q be h(4). Is (-5 - -2)*(-74)/q composite?
True
Let t(s) = 72*s + 79. Is t(14) a prime number?
True
Suppose -4*j + 0*d = 5*d - 7567, 5 = -5*d. Suppose 0 = -0*h - 3*h + j. Is h a prime number?
True
Let g be -1*(-2)/4*6. Let x be ((-12)/9 - -2)*(-327)/(-2). Suppose n = 5*n - p - 134, -x = -g*n + 5*p. Is n composite?
True
Let j(g) = 41*g**2 + 10*g + 35. Is j(-8) a composite number?
False
Suppose 13088 + 188 = -j. Let n = -7695 - j. Is n a prime number?
True
Let n be 1/(((-20)/1910)/(3 - 1)). Let v = n - -732. Is v a prime number?
True
Let u(t) = t**2. Let g be u(2). Suppose -4*h = 3*d + 2*d - 741, -g*d + 5*h + 601 = 0. Is d composite?
False
Suppose 4*d = 2*d - 10. Let p be ((-27)/d)/((-51)/(-170)). Is 18/p - -1*166 composite?
False
Let u = 109 - 206. Suppose -12*r = 170 + 3322. Let l = u - r. Is l composite?
True
Let r(h) = 2*h**2 - 9*h - 9. Let i be r(7). Is (i/78)/((-1)/(-705)) a prime number?
False
Suppose 3*t + 2*t = 3*p - 526, -5*t + 536 = 3*p. Let k = -34 + p. Is k a composite number?
True
Let r(i) = -660*i + 7. Is r(-1) a prime number?
False
Is ((-7668)/(-72))/(3/134) a prime number?
False
Suppose -5*n = 2*f + 1019, -2*f = n - 4*n + 995. Let g = f - -839. Is g composite?
False
Let n(k) be the third derivative of 1/60*k**5 - 2*k**2 + 1/3*k**3 + 0 + 1/6*k**4 + 0*k. Is n(-15) a composite number?
False
Suppose 3*f = -5*l + 173 + 237, -4*f = 5*l - 555. Let a = f - 114. Is a prime?
True
Let h(s) = 2882*s**2 - 18*s - 55. Is h(-3) a prime number?
False
Let m = -7 + 10. Suppose 3476 + 1495 = m*c. Is c composite?
False
Let q(s) = s - 14. Let t be q(18). Suppose 338 = -i + p + 1439, -4400 = -t*i + 2*p. Is i prime?
False
Let m(h) = -h**3 - 4*h**2 + 3*h - 7. Let k be m(-5). Suppose -l - 762 = -2*t, l - 387 = -t + k*l. Is t composite?
False
Suppose -g = 2*g - 2400. Suppose -k = 3*k + g. Let d = 289 + k. Is d a prime number?
True
Let r(l) be the first derivative of -443*l**4/4 - l**2 - 2*l + 8. Let k be r(-1). Suppose 0 = 5*u - 3*m + 2*m - 444, 5*u = 2*m + k. Is u a composite number?
False
Suppose 37230 = 20*n - 28750. Is n composite?
False
Let z(k) = -119*k. Let j = -11 - -14. Suppose -4*m = -3*n - 3 + 1, -13 = j*m + 5*n. Is z(m) prime?
False
Let u be -10*5/40*4/(-1). Suppose h + n - 949 = 0, -h = -5*h + 3*n + 3789. Suppose 9*m - h = u*m. Is m a prime number?
False
Suppose 603 = 3*v - 3*a, a - 1010 = -5*v + 5*a. Suppose 4*o = -14*m + 16*m + 1454, o - 364 = m. Let c = o - v. Is c a composite number?
False
Let o be (4 - 3)/(35/(-18) - -2). Is ((-20)/90 - (-40)/o) + 3399 composite?
True
Let j = 43 + -17. Let m(c) = -c**3 + 8*c**2 + 3*c + 7. Let r be m(8). Let z = r + j. Is z composite?
True
Let q(z) = -z**2 + 11*z - 1. Let r = 123 + -115. Is q(r) composite?
False
Suppose 2*k - 10396 = -2*u + 4508, 3*u = -4*k + 29807. Is k composite?
False
Let u be (-12)/(-9)*((-43644)/8 - 0). Is u*((-3)/(-18)*9 + -2) prime?
True
Let f(c) = 5*c**2 + 26*c - 10. Let h be f(-6). Suppose 5*d + 0*d = 34810. Is d/h - (-10)/(-35) a prime number?
False
Let o = 1948 + -428. Let z = 2381 + o. Is z a composite number?
True
Let b(r) = 2*r**2 + 30*r - 6. Let a be b(-14). Let n = 225 + a. Is n a composite number?
False
Suppose 50 = 4*j + 3*x + 153, 0 = j - 4*x + 2. Let w be 45/(-2)*j/33. Suppose 2*h + w - 5 = 0, 0 = -2*g - 3*h + 11. Is g a composite number?
False
Suppose u = -26*x + 23*x + 6406, 5*u = -x + 32086. Is u prime?
False
Let r(i) = -i**2 + 2*i + 271. Let j be r(0). Let x = j + -131. Let t = -25 + x. Is t composite?
True
Suppose 5*s + 1535 = 5*y, 16*s = -3*y + 17*s + 921. Is y composite?
False
Is 3 + 25086/1 + (4 - 0) prime?
False
Suppose 0 = a - 6*a + 17515. Suppose -5*p = -2*d - d - 3509, 5*p = d + a. Let l = -483 + p. Is l composite?
True
Suppose y + 996 = 2*n, -3*n = -5*y - 89 - 1405. Let i = n - 287. Is i composite?
False
Suppose -6*v + 39 = 123. Is v/21*(4 - 2 - 95) prime?
False
Let g be (-3)/6 + 1/(-2). Let f be (-2 - -2)/g - -96. Let k = 259 + f. Is k a prime number?
False
Let l = 2970 - 2212. Is l composite?
True
Let o be (-4140)/24*(-4)/6. Suppose -2*s = -3*s + o. Is s a composite number?
True
Suppose 3*d - 21193 = -r, -206 = 2*r - 214. Is d a prime number?
False
Suppose 334 = 835*j - 833*j. Is j prime?
True
Suppose -5*p + 4*p - 4*h + 47573 = 0, 0 = 3*p + 4*h - 142687. Is p a prime number?
False
Suppose -y + c + 2 = -2*y, -3*y + 18 = -5*c. Suppose 0*h = h + y, -4*h = -5*g + 59. Let b(i) = 3*i**2 + 2*i + 12. Is b(g) prime?
True
Suppose -48 = -12*s - 0*s. Is 131898/76 - (3 - 1)/s composite?
True
Let b = -4 + -1. Is (-1)/(-2*b/(-1270)) prime?
True
Let k = -20 + 24. Suppose -2*y - 11454 = k*t + y, -y = 2. Is 6/30 - t/15 a composite number?
False
Let m(w) = 197*w + 6. Let s be m(2). Suppose s - 19 = 3*j. Is j a prime number?
True
Suppose -54*z + 2700 = -33642. Is z a composite number?
False
Suppose -8*j + 13*j - 10 = 0. Suppose -3*t + 2517 = 4*a, -5*a + 3647 = j*t + 492. Is a a prime number?
False
Let u(c) = 11*c**2 - 8*c - 22. Let a(h) = h**2 - 5*h + 9. Let s be a(5). Is u(s) a prime number?
True
Let j be (-6)/3*1/(-1). Let c(k) = 31*k**2 + 2*k - 2. Let u be c(j). Let b = 505 - u. Is b a prime number?
True
Suppose -11 = -2*o + 5*c, 1 + 13 = 3*o - 5*c. Let u be -2 - -4 - (o + 1). Is (65 + 3)*u/(-4) composite?
True
Let u be (4 + (-3)/2)*-8. Let w = -18 - u. Is (14/7)/(w/223) a composite number?
False
Suppose 3*l + 807 = 5*j - 0*j, 0 = 2*j - 3*l - 330. Suppose 4*y - 5*y = -j. Is y a prime number?
False
Let v(l) = l**2 + 3*l - 5. Let s be v(-5). Let p(g) = 43*g + 22. Let x(q) = -29*q - 15. Let f(b) = 5*p(b) + 7*x(b). Is f(s) prime?
False
Let i(d) = -2*d**3 - 18*d**2 + 40*d - 383. Is i(-35) a prime number?
False
Let y(v) be the first derivative of v**2 - 18*v - 4. Let g be y(9). Suppose b - 3*b + 2*h + 66 = g, -3*b - 5*h = -131. Is b a prime number?
True
Let n(m) = m**2 + 4*m + 2. Let k be n(-4). Let c(y) = -y + 10*y**3 - 5*y**k - 3*y**3 + 2*y + 2. Is c(3) a prime number?
True
Suppose -2 = -0*o - o. Suppose -5*y - 2*g + 277 = -266, -3*g - 221 = -o*y. Is y a prime number?
True
Suppose 0 = -3*y + 7*y - 104. Let u = 18 - y. Is (-17 - -13) + (0 - u) composite?
True
Let b(q) = 849*q - 3. Let r be b(3). Suppose -n - 4*f = 3*n - r, -4*n - 2*f + 2546 = 0. Suppose -2*j + 438 = -6*c + 2*c, 3*j - c = n. Is j a composite number?
False
Is (-2236 + 2)/(-10 - (-6 - 2)) a composite number?
False
Let h(i) = 31*i**2 + 8*i - 20. Suppose q + 3 = b + 6, 0 = -q + 5*b - 13. Is h(q) a prime number?
False
Let l be 461 - -25 - (3 + -1) - -3. Suppose 0 = 3*r - 3*q + 9, -6*r - 3*q = -2*r - 9. Suppose r*m + l = m. Is m composite?
False
Suppose -10*l + 314 = -116. Suppose z = 2 + 1. Is ((z - 6) + 10)*l a composite number?
True
Let f = -244 + 346. Let x = 809 - f. Is x a prime number?
False
Suppose a + 6 = d - 14, -5*d + 36 = -a. Let r be (-3895)/(-7) - a/28. Let h = r - -134. Is h a prime number?
True
Suppose -3*t + 5*u - u = -68, 0 = -5*t - 2*u + 70. Is t/72 - 2408/(-18) a composite number?
True
Let u be 2 + 7 + (2 - -1). Is 34/(-3)*(-54)/u composite?
True
Let p(x) = -7*x**3 + 27*x**2 + 5*x - 16. Let v(l) = 4*l**3 - 13*l**2 - 3*l + 8. Let a(h) = 3*p(h) + 5*v(h). 